 11 is divided by h(-5)?
5
Suppose 4*g - 5*d = 293, 5*d - 21 = -g + 46. What is the remainder when g is divided by 25?
22
Suppose 0 = j - 0*j - 13. Calculate the remainder when 64 is divided by j.
12
Suppose -12*r + 7*r + 55 = 0. Let b = 119 - 78. What is the remainder when b is divided by r?
8
Let n(v) = 0 - v**2 + 6 - 36*v + 45*v. Calculate the remainder when n(6) is divided by 13.
11
Let b be 182/3 + (-10)/15. Suppose -g - b = -4*g. What is the remainder when 77 is divided by g?
17
Let h = -8 - 0. Let b = 6 - h. Calculate the remainder when 41 is divided by b.
13
What is the remainder when 4/(-14)*(-4)/(-8)*-14 is divided by 2?
0
Let x = -21 - -42. What is the remainder when x is divided by 12?
9
Suppose 6*p - 327 = -3*z + 3*p, z = -5*p + 97. Calculate the remainder when z is divided by 38.
36
Let f = -10 + 34. What is the remainder when f is divided by 9?
6
Suppose -f = 2*s + 2*f - 3, 0 = 5*s - 5*f - 20. Calculate the remainder when 4 is divided by s.
1
Suppose 5*n = -3*b + 45, -4*b - 3*n + 5*n + 34 = 0. Calculate the remainder when 56 is divided by b.
6
What is the remainder when (-8)/6 + 2420/60 is divided by 8?
7
Suppose 0 = 3*w - w - 14. Let l(h) = h**2 - 6*h + 8. Let r = 9 - 1. Calculate the remainder when l(w) is divided by r.
7
Let i(a) = a**2 + 3*a - 3. What is the remainder when 27 is divided by i(3)?
12
Suppose 0*x - x + 12 = 0. Suppose 0 = 3*m + 2*p - 23, -2*m = 4*p - 2*p - x. What is the remainder when 32 is divided by m?
10
Let m(p) = 9*p - 44. Calculate the remainder when 151 is divided by m(7).
18
Suppose -2 = -v + 2. Calculate the remainder when 11 is divided by v.
3
Suppose 0 = -5*n + 34 - 9. Suppose n*h - 5*q = 230, 0 = 3*h + 4*q - 0*q - 124. Calculate the remainder when h is divided by 15.
14
What is the remainder when 2/8 + (-175)/(-4) is divided by 15?
14
Let i = 15 - -4. Suppose 0 = 2*g + w - i, 35 = g + 3*g + w. Suppose -6 - g = -j. What is the remainder when 40 is divided by j?
12
Suppose -b = -5 - 5. Let y(g) = 5*g + 3. Let x(j) = 2*j - 5. Let l be x(5). Calculate the remainder when y(l) is divided by b.
8
Let f(d) = 2*d**2 - 21*d + 38. Calculate the remainder when f(13) is divided by 13.
12
Let v(p) = -6*p**3 + 2*p**2 + 2*p + 1. Let h be v(-1). What is the remainder when 50 is divided by 89/h - (-26)/91?
11
Suppose t + 2 = -1. Let f = 12 + t. What is the remainder when 25 is divided by f?
7
Suppose -11*m - 84 = -13*m. Calculate the remainder when 419 is divided by m.
41
Let r = 39 + -19. Calculate the remainder when r is divided by 8.
4
Let o(s) = 87*s**2 + 2. What is the remainder when o(-1) is divided by 7?
5
Suppose -4*y + 5*v - 5 + 25 = 0, -v = 0. Calculate the remainder when y is divided by 2.
1
Let b be (66/3 - 2)/2. Let o = -3 + b. Calculate the remainder when 19 is divided by o.
5
Let n(w) = 13*w**2 - 45*w + 23. Let p(k) = -3*k**2 + 11*k - 6. Let f(t) = 2*n(t) + 9*p(t). Let c = 34 - 5. Calculate the remainder when c is divided by f(6).
9
Let v(c) = c**2 - 6*c + 9. Let n = 18 + -10. Suppose 4*w - 52 = -3*x, 4*w - 2*w - 3*x = 26. What is the remainder when v(n) is divided by w?
12
Suppose f = 3*y - 465, -5*f + 229 = -5*y + 994. Suppose y = 4*z - 148. Calculate the remainder when (z/(-12))/((-3)/9) is divided by 5.
4
Suppose 0 = p + 5, -5*p = l - 4*l + 58. What is the remainder when l is divided by 3?
2
Suppose 370 = 10*h - 410. What is the remainder when h is divided by 17?
10
Suppose 0 = -v + 34 - 0. Let t(c) = 2*c. Let l = -9 + 15. Calculate the remainder when v is divided by t(l).
10
Suppose 4*m - 2 = 3*s, -6 - 4 = -5*m. Suppose s*q - 106 = -36. Calculate the remainder when q is divided by 18.
17
Suppose 68 = 4*k + 4. Suppose 21 = -4*p + 57. What is the remainder when k is divided by p?
7
Let y = -8 + 11. Suppose 0 = -y*v - 2*v + 20. Calculate the remainder when 6 is divided by v.
2
Let t(s) = -s**3 + 8*s**2 + s - 11. Let l be t(8). Let c = 3 + l. Suppose -v = 2*b - 1, -2*v = -c*v + 3*b - 4. Calculate the remainder when 9 is divided by v.
4
Suppose -3*r = 0, -r - 2*r - 56 = -2*i. Calculate the remainder when i is divided by 10.
8
Let o = -2 + 6. Suppose -1 = 2*v - 5. Suppose 14 = v*q - f, 0 = -o*q - 4*f + 2 + 2. Calculate the remainder when q is divided by 3.
2
Suppose i - 3*i + 5*h = -38, 2*i - 3*h - 34 = 0. What is the remainder when 39 is divided by i?
11
Let s be (2/(-3))/(2/(-9)). Suppose -d - 3*d = -5*h + 21, 0 = 3*h + s*d + 9. Suppose t - 3 = h. Calculate the remainder when t is divided by 2.
0
Suppose -684 = -16*a - 3*a. What is the remainder when a is divided by 14?
8
Suppose -3*v - 4*t = -11 - 12, -7 = -v - t. Let a be v*(6/(-5) - -2). Calculate the remainder when 28 is divided by 2/a + 116/8.
13
Suppose 3*r - 20 = -r. Let q(p) = 9*p**3 + p. Let j be q(-1). Calculate the remainder when 1*6*(-15)/j is divided by r.
4
Let w(r) = -r**3 - r**2 + 7*r - 5. Let d(b) = -b**2. Let h(m) = -6*d(m) + w(m). What is the remainder when h(5) is divided by 8?
6
Suppose -l - 3 = -15. Suppose -57 = -5*r - l. Calculate the remainder when 16 is divided by r.
7
Suppose -49 - 11 = -6*i. What is the remainder when 47 is divided by i?
7
Let i(n) = n**2 + 5*n - 6. Let q be i(6). Let k = q + -43. What is the remainder when 65 is divided by k?
14
Suppose -5*j + 9 = -1. Suppose j*s - 9 = s. Let r = -2 + s. What is the remainder when r is divided by 2?
1
Suppose -98 = -2*k + 20. Calculate the remainder when k is divided by 12.
11
Let m = -23 + 60. Calculate the remainder when m is divided by (2/(-4))/((-5)/130).
11
Suppose 6*v - 15 = 5*v. Let w = 8 + v. What is the remainder when w is divided by 12?
11
Let p = 21 - 21. Suppose -5*k = p, 3*g + 3*k - 364 = -g. What is the remainder when g is divided by 31?
29
Let k = 53 + -13. Suppose p = -3*p + k. Calculate the remainder when 28 is divided by p.
8
Let y(h) = -h**2 - 20*h - 3. Calculate the remainder when y(-8) is divided by 24.
21
What is the remainder when 52 is divided by -2 + 10*(5 + -2)?
24
Let f(s) = 5 + 17 + 9*s**2 - 10*s**2 + s. What is the remainder when 64 is divided by f(0)?
20
Suppose -5*n - 57 = -3*b, 3*n - 8*n = -b + 9. Suppose s - b = -3*s. Suppose -70 = -5*q + 10. Calculate the remainder when q is divided by s.
4
Suppose -2*u + 3*k = -38, 4*u = u - 5*k + 57. What is the remainder when 55 is divided by u?
17
Suppose -g + 18 = -2*m, -g + m + 27 = 2*m. Calculate the remainder when g is divided by 13.
11
Let q(m) = 5*m**2 + 9*m - 1. Let k(d) = 11*d**2 + 18*d - 1. Let v(w) = -6*k(w) + 13*q(w). Let x = 5 - -1. What is the remainder when 31 is divided by v(x)?
9
Let c = 144 + -97. Calculate the remainder when c is divided by 10.
7
Suppose -7*c + 326 = j - 2*c, 2*c - 2 = 0. What is the remainder when j is divided by 54?
51
Suppose -105 = 4*g - 5*g. Let q = 19 - -8. What is the remainder when g is divided by q?
24
Suppose -2 = -s, -4*g = -5*g - 5*s + 23. What is the remainder when 46 is divided by g?
7
Let i(h) = 2*h + 4. Suppose 1 = -2*j - c - 1, -3*j + 3*c = 3. Calculate the remainder when ((-4)/(-4))/(j/(-46)) is divided by i(6).
14
Suppose 5*h - 131 = -3*g - 18, -2*h + 8 = 0. What is the remainder when 92 is divided by g?
30
Let h(j) = -18*j - 1. Let u be h(-4). Let n = -14 + 65. Let v = u - n. Calculate the remainder when v is divided by 7.
6
Suppose 0 = -0*k - 7*k + 161. What is the remainder when 89 is divided by k?
20
Let g = 93 + -60. Calculate the remainder when g is divided by 3.
0
Suppose -y - 1 + 19 = 0. What is the remainder when 35 is divided by y?
17
Let y(j) = j**3 - 3*j. Let k be y(2). Let n(w) = w**3 - 2*w**2 + 2. Calculate the remainder when n(k) is divided by 1.
0
Suppose 33 = 3*x - 81. Suppose -23*g - 78 = -25*g. Suppose 7*n - 4*n = g. Calculate the remainder when x is divided by n.
12
Suppose -20 = 4*s, s = -c + 5*s + 107. Calculate the remainder when c is divided by 22.
21
Let x = -217 + 147. What is the remainder when 26 is divided by (-460)/x - 8/14?
2
Let c = -18 - -22. Let g be 0*(1 - -1)/(-4). Suppose -5*l + 30 - 5 = 3*b, g = -l + b - 3. Calculate the remainder when c is divided by l.
0
Let g(f) = f - 2. Let b be g(4). Suppose 25 = 3*d + b*d. Suppose -2*v - 84 = -d*v. What is the remainder when v is divided by 15?
13
Suppose 0*z = -6*z + 6. What is the remainder when 35 is divided by -8*z*(-3)/2?
11
Suppose -4*p + g = -13, -p - 4*g + 5*